on factor of 5598430 and 5555?
505
What is the highest common factor of 3955 and 3792280?
565
Calculate the greatest common divisor of 541701 and 2943.
27
What is the highest common factor of 8133723 and 297?
27
What is the highest common factor of 216892 and 468442?
1118
Calculate the greatest common factor of 1161073 and 812.
29
Calculate the greatest common divisor of 11 and 43638551.
11
Calculate the greatest common divisor of 124295 and 96545.
5
What is the highest common factor of 196002729 and 129?
129
What is the greatest common factor of 374650 and 71390?
590
Calculate the greatest common divisor of 2832 and 397516.
4
Calculate the highest common factor of 11153170 and 8631.
959
Calculate the highest common divisor of 2109520 and 1095360.
560
What is the greatest common divisor of 108 and 415016712?
36
What is the greatest common factor of 675272 and 36844?
604
What is the greatest common divisor of 147 and 183002603?
49
Calculate the greatest common factor of 292019147 and 7.
7
Calculate the greatest common factor of 96146678 and 94.
94
What is the highest common divisor of 4476 and 9131772?
12
What is the highest common factor of 3517 and 249200552?
3517
Calculate the greatest common factor of 636285 and 93795.
2535
What is the highest common divisor of 61628361 and 305?
61
What is the greatest common divisor of 12783131 and 201?
67
Calculate the highest common divisor of 195 and 339936155.
65
Calculate the greatest common factor of 69822 and 1674.
54
Calculate the greatest common divisor of 195 and 1331730790.
65
What is the highest common factor of 109632 and 5080?
8
What is the greatest common factor of 2755 and 9224291?
551
What is the highest common divisor of 537 and 5648152575?
537
Calculate the greatest common factor of 430 and 3364664.
86
Calculate the greatest common divisor of 708 and 233463.
177
Calculate the greatest common factor of 336 and 2070864.
48
What is the greatest common divisor of 4923269 and 39?
13
What is the greatest common factor of 29701 and 117331679?
4243
Calculate the highest common factor of 1161 and 5781608.
43
Calculate the greatest common divisor of 17 and 28914182.
1
What is the highest common divisor of 182142 and 73713542?
6746
What is the greatest common factor of 6187755 and 13020?
3255
What is the highest common factor of 6860659 and 34151?
923
Calculate the greatest common factor of 19438 and 2726.
2
What is the greatest common divisor of 48097797 and 3?
3
Calculate the greatest common divisor of 41280 and 1537920.
960
Calculate the highest common divisor of 2237269476 and 2637.
879
What is the greatest common divisor of 2102 and 659486735?
1051
Calculate the highest common divisor of 2081916500 and 10.
10
Calculate the greatest common divisor of 50752 and 605852.
3172
Calculate the highest common divisor of 47275 and 206305.
155
What is the highest common divisor of 38 and 2517082342?
38
What is the highest common divisor of 6493843 and 92?
23
What is the greatest common divisor of 609062 and 567122?
466
What is the greatest common divisor of 204055 and 8581340?
5515
What is the greatest common divisor of 735 and 3494085?
105
Calculate the greatest common factor of 600 and 215992200.
600
What is the highest common divisor of 15 and 212365?
5
What is the highest common factor of 140325 and 28185?
15
Calculate the highest common factor of 323 and 7759.
1
What is the greatest common divisor of 11564400 and 1580?
20
What is the highest common divisor of 6110 and 3155580?
470
Calculate the greatest common divisor of 1546308 and 96.
12
Calculate the highest common divisor of 517655 and 7885.
95
What is the highest common factor of 38062805 and 1485?
55
What is the highest common factor of 22518 and 380322?
54
What is the greatest common divisor of 24857 and 25918749?
3551
Calculate the highest common factor of 6852 and 3013167.
1713
Calculate the highest common divisor of 6806749 and 8728.
1091
Calculate the highest common factor of 3963015 and 456780.
345
Calculate the greatest common divisor of 1536 and 4898676.
12
Calculate the highest common divisor of 13039 and 314041.
221
What is the greatest common factor of 480609808 and 584?
584
What is the highest common divisor of 40 and 3795910?
10
What is the highest common divisor of 105 and 1001931?
21
What is the highest common divisor of 4386 and 374616?
258
What is the greatest common factor of 1882824 and 608?
152
What is the highest common factor of 7130 and 109526?
46
What is the greatest common factor of 704 and 18590144?
64
What is the greatest common divisor of 1124 and 66641117?
281
Calculate the highest common factor of 83970460 and 7.
7
Calculate the greatest common divisor of 1108298 and 29563.
629
What is the highest common divisor of 32274 and 1782242?
3586
Calculate the highest common factor of 30390076 and 251.
251
What is the highest common factor of 1265 and 26436223?
253
What is the greatest common factor of 1608 and 816328?
536
Calculate the greatest common factor of 67744 and 775982.
58
What is the highest common factor of 1226 and 605807058?
1226
Calculate the highest common factor of 9730 and 11370.
10
Calculate the highest common factor of 77394 and 4782.
6
What is the highest common divisor of 1513044 and 5724?
1908
What is the greatest common factor of 1938411 and 1539?
81
Calculate the greatest common factor of 3927 and 5455317.
357
Calculate the highest common factor of 231700 and 7300.
100
What is the highest common factor of 2753 and 274231836?
2753
Calculate the greatest common factor of 448099452 and 5994.
5994
What is the highest common factor of 575 and 9937564?
23
What is the greatest common factor of 61067261 and 89?
89
Calculate the greatest common factor of 236 and 4421047.
59
Calculate the greatest common divisor of 2302191 and 5576.
697
Calculate the highest common factor of 722282 and 1408.
22
What is the highest common factor of 38090322 and 90?
18
Calculate the greatest common divisor of 1292 and 301443949.
323
What is the highest common divisor of 195250014 and 216?
54
Calculate the highest common factor of 96 and 1209132.
12
What is the greatest common divisor of 1493924 and 2096?
524
Calculate the highest common factor of 710032500 and 396.
36
What is the greatest common divisor of 6658 and 618867758?
6658
What is the greatest common divisor of 1338190 and 3136?
98
What is the highest common divisor of 92473169 and 502?
251
Calculate the greatest common factor of 183534 and 9178.
26
Calculate the highest common factor of 26078 and 9745502.
1534
Calculate the greatest common divisor of 12637026 and 11718.
1674
What is the greatest common divisor of 71546 and 5803846?
862
Calculate the highest common divisor of 6091887 and 366.
183
What is the highest common divisor of 55 and 747381085?
55
Calculate the greatest common factor of 54219 and 1050621.
1023
Calculate the highest common factor of 156606106 and 842.
842
Calculate the highest common divisor of 61174 and 4745594.
838
Calculate the highest common divisor of 1381 and 1305045.
1381
What is the greatest common divisor of 103 and 100948961?
103
What is the highest common divisor of 45024 and 2042616?
24
Calculate the greatest common divisor of 18550 and 41077650.
2650
What is the greatest common divisor of 2640817 and 4429?
103
What is the highest common factor of 126 and 3553011?
63
What is the highest common factor of 6264 and 32983092?
3132
Calculate the greatest common divisor of 10515 and 64564203.
2103
Calculate the highest common factor of 200491 and 38279.
379
Calculate the greatest common divisor of 110848 and 203510.
866
What is the highest common factor of 30596917 and 26?
13
What is the highest common divisor of 2448 and 96383376?
144
Calculate the highest common factor of 19 and 593703412.
19
Calculate the highest common divisor of 8343 and 303856695.
927
Calculate the greatest common factor of 489 and 1338198378.
489
Calculate the highest common divisor of 5546652 and 1212.
12
What is the greatest common divisor of 889233 and 45456?
2841
What is the highest common factor of 1264186 and 1806?
14
Calculate the highest common factor of 39 and 1655032236.
39
What is the highest common factor of 12 and 848418?
6
What is the highest comm